{"id":12948,"date":"2020-03-25T11:35:12","date_gmt":"2020-03-25T17:35:12","guid":{"rendered":"https:\/\/pornuestroshermanossinvoz.org\/?page_id=12948"},"modified":"2020-03-25T13:16:34","modified_gmt":"2020-03-25T19:16:34","slug":"adopta","status":"publish","type":"page","link":"https:\/\/pornuestroshermanossinvoz.org\/?page_id=12948","title":{"rendered":"Adopta"},"content":{"rendered":"<p>Por Nuestros Hermanos Sin Voz esperan un hogar digno y sin maltratos. Los perritos y gatitos que Yolanda ha rescatado, son perritos con una gran necesidad de amor ellos necesitan recuperar la confianza en los llamados &#8220;seres humanos&#8221;, la mayor\u00eda de los perritos y gatitos han sido muy golpeados por la vida, pero eso no les ha quitado la necesidad de dar amor.<\/p>\n<p>Vivir en el tiradero de basura, en las calles, carreteras, etc&#8230; No es un lugar digno para nadie, ellos no son basura la realidad es que son victimas de la ignorancia inhumana.<\/p>\n<p>Ven y ADOPTA!.<\/p>\n<p>Todos los domingos de 11 a 5pm, en el Parque Morisco de Santa Mar\u00eda la Ribera, fiscalia Cuauht\u00e9moc,&nbsp;cerca del metro Buenavista y San Cosme, Ciudad de M\u00e9xico.<\/p>\n<p>Ubicaci\u00f3n Google Maps:&nbsp;<a href=\"https:\/\/goo.gl\/maps\/jHbdR4tQXEdMWRN26\">https:\/\/goo.gl\/maps\/jHbdR4tQXEdMWRN26<\/a><\/p>\n<p><img loading=\"lazy\" decoding=\"async\" class=\"alignleft wp-image-12955\" src=\"https:\/\/pornuestroshermanossinvoz.org\/wp-content\/uploads\/2020\/03\/12e7761f-4944-4799-a18b-8880be7bf220-300x225.jpg\" alt=\"\" width=\"186\" height=\"140\" srcset=\"https:\/\/pornuestroshermanossinvoz.org\/wp-content\/uploads\/2020\/03\/12e7761f-4944-4799-a18b-8880be7bf220-300x225.jpg 300w, https:\/\/pornuestroshermanossinvoz.org\/wp-content\/uploads\/2020\/03\/12e7761f-4944-4799-a18b-8880be7bf220-768x576.jpg 768w, https:\/\/pornuestroshermanossinvoz.org\/wp-content\/uploads\/2020\/03\/12e7761f-4944-4799-a18b-8880be7bf220-1024x768.jpg 1024w, https:\/\/pornuestroshermanossinvoz.org\/wp-content\/uploads\/2020\/03\/12e7761f-4944-4799-a18b-8880be7bf220.jpg 1280w\" sizes=\"(max-width: 186px) 100vw, 186px\" \/><img loading=\"lazy\" decoding=\"async\" class=\"alignleft wp-image-12956\" src=\"https:\/\/pornuestroshermanossinvoz.org\/wp-content\/uploads\/2020\/03\/IMG_20190714_155407-300x225.jpg\" alt=\"\" width=\"183\" height=\"138\" srcset=\"https:\/\/pornuestroshermanossinvoz.org\/wp-content\/uploads\/2020\/03\/IMG_20190714_155407-300x225.jpg 300w, https:\/\/pornuestroshermanossinvoz.org\/wp-content\/uploads\/2020\/03\/IMG_20190714_155407-768x576.jpg 768w, https:\/\/pornuestroshermanossinvoz.org\/wp-content\/uploads\/2020\/03\/IMG_20190714_155407-1024x768.jpg 1024w\" sizes=\"(max-width: 183px) 100vw, 183px\" \/><\/p>\n<p><img loading=\"lazy\" decoding=\"async\" class=\" wp-image-12954\" src=\"https:\/\/pornuestroshermanossinvoz.org\/wp-content\/uploads\/2020\/03\/IMG_20191201_151628-225x300.jpg\" alt=\"\" width=\"138\" height=\"184\" srcset=\"https:\/\/pornuestroshermanossinvoz.org\/wp-content\/uploads\/2020\/03\/IMG_20191201_151628-225x300.jpg 225w, https:\/\/pornuestroshermanossinvoz.org\/wp-content\/uploads\/2020\/03\/IMG_20191201_151628-768x1024.jpg 768w\" sizes=\"(max-width: 138px) 100vw, 138px\" \/><\/p>\n<p>Si deseas adoptar a uno de ellos te vas a regalar la oportunidad de cambiar un destino, tambi\u00e9n necesitamos hogares temporales para perritos y gatitos.<\/p>\n<p>Contacto: servicioalacomunidad@pornuestroshermanossinvoz.org<\/p>\n","protected":false},"excerpt":{"rendered":"<p>Por Nuestros Hermanos Sin Voz esperan un hogar digno y sin maltratos. Los perritos y gatitos que Yolanda ha rescatado, son perritos con una gran necesidad de amor ellos necesitan recuperar la confianza en los llamados &#8220;seres humanos&#8221;, la mayor\u00eda de los perritos y gatitos han sido muy golpeados por la vida, pero eso no [&hellip;]<\/p>\n","protected":false},"author":9,"featured_media":12953,"parent":0,"menu_order":4,"comment_status":"closed","ping_status":"closed","template":"","meta":{"_monsterinsights_skip_tracking":false,"_monsterinsights_sitenote_active":false,"_monsterinsights_sitenote_note":"","_monsterinsights_sitenote_category":0,"ngg_post_thumbnail":0,"footnotes":""},"class_list":["post-12948","page","type-page","status-publish","hentry"],"_links":{"self":[{"href":"https:\/\/pornuestroshermanossinvoz.org\/index.php?rest_route=\/wp\/v2\/pages\/12948"}],"collection":[{"href":"https:\/\/pornuestroshermanossinvoz.org\/index.php?rest_route=\/wp\/v2\/pages"}],"about":[{"href":"https:\/\/pornuestroshermanossinvoz.org\/index.php?rest_route=\/wp\/v2\/types\/page"}],"author":[{"embeddable":true,"href":"https:\/\/pornuestroshermanossinvoz.org\/index.php?rest_route=\/wp\/v2\/users\/9"}],"replies":[{"embeddable":true,"href":"https:\/\/pornuestroshermanossinvoz.org\/index.php?rest_route=%2Fwp%2Fv2%2Fcomments&post=12948"}],"version-history":[{"count":4,"href":"https:\/\/pornuestroshermanossinvoz.org\/index.php?rest_route=\/wp\/v2\/pages\/12948\/revisions"}],"predecessor-version":[{"id":12950,"href":"https:\/\/pornuestroshermanossinvoz.org\/index.php?rest_route=\/wp\/v2\/pages\/12948\/revisions\/12950"}],"wp:featuredmedia":[{"embeddable":true,"href":"https:\/\/pornuestroshermanossinvoz.org\/index.php?rest_route=\/wp\/v2\/media\/12953"}],"wp:attachment":[{"href":"https:\/\/pornuestroshermanossinvoz.org\/index.php?rest_route=%2Fwp%2Fv2%2Fmedia&parent=12948"}],"curies":[{"name":"wp","href":"https:\/\/api.w.org\/{rel}","templated":true}]}}